t are the prime factors of c(-11)?
29
Suppose -2*h - 5*b = -120, 180 = 3*h + 3*b - b. What are the prime factors of h?
2, 3, 5
Suppose -3*f = -0*f - 1125. Let x = f - 224. List the prime factors of x.
151
Let s(q) = -2*q - 21. Let h be s(-12). Let l = h + 38. What are the prime factors of l?
41
Let p = 6638 + -4453. List the prime factors of p.
5, 19, 23
Let k(s) = -90*s - 41. What are the prime factors of k(-6)?
499
List the prime factors of (-6)/18 + 409/3.
2, 17
List the prime factors of 4*((-55)/33 - (-3091)/6).
2, 13, 79
Let y = -37 + 18. Suppose -4*l - 51 = -3*j + 32, -j - 2*l + 41 = 0. Let c = j + y. What are the prime factors of c?
2, 7
Let d(s) = -s**3 - 30*s**2 - 40*s - 9. List the prime factors of d(-29).
2, 5, 31
Suppose -38 = 2*w - 44. Suppose -4*f + a = -119, 2*f + 87 = 5*f - w*a. List the prime factors of f.
2, 3, 5
Let o = 2263 - 659. List the prime factors of o.
2, 401
Suppose 3*f - 9 = -2*j + 2*f, -3*j + 2*f - 4 = 0. Suppose -x + j*y + 1 = -2*y, 2*x - 5*y = 5. Suppose -2*i + 1 = -x. What are the prime factors of i?
3
Suppose 5*c = 5*c + 13*c. Suppose -z + 189 = 5*t, c*z + 3*t = z - 205. What are the prime factors of z?
199
Suppose -47*w + 740 = -45*w. List the prime factors of w.
2, 5, 37
Suppose -q + 291 - 126 = 0. List the prime factors of q.
3, 5, 11
Suppose -7*f + 40 = -3*f + 4*n, -3*f + 4*n + 44 = 0. Suppose -f = -z - 0*z. List the prime factors of ((-162)/z)/((-1)/2).
3
Let k(f) be the third derivative of -f**6/120 - f**5/15 + 5*f**4/24 + f**3 + f**2. Let r(d) = 21*d - 69. Let y be r(3). List the prime factors of k(y).
2, 3
Let v be 3/12 - (-1)/(-4). Let a(n) be the third derivative of -n**5/60 + 4*n**3 - 12*n**2. List the prime factors of a(v).
2, 3
Let c be (-511)/(-1) + 3 + (-2 - -3). Let f = -247 + c. What are the prime factors of f?
2, 67
Let t(q) = 2*q - 8. Let p be t(5). List the prime factors of ((-3)/(12/(-53)))/(p/8).
53
Suppose 12*k + 1787 = 22055. List the prime factors of k.
3, 563
Suppose -9*c + 1000 = -1151. What are the prime factors of c?
239
Let f = 174 - 428. Let m be (-12)/(-54) - f/(-9). Let w = m - -47. List the prime factors of w.
19
Suppose -8*n + 18712 = 5416. What are the prime factors of n?
2, 3, 277
Let n = 10053 - 7179. List the prime factors of n.
2, 3, 479
Let f(s) be the first derivative of 0*s + 8 - 1 - 7*s - 10*s**2. What are the prime factors of f(-3)?
53
Let o be -2 - -3 - 20/4. Let j be o - (6 + -4)*16. Let g = 38 + j. What are the prime factors of g?
2
Suppose -15*w + 3882 = -9*w. List the prime factors of w.
647
Let h = 7 - -32. Let s be (-4)/(-12) + h/(-9). Let w = 13 + s. List the prime factors of w.
3
Let b = -465 - -199. Let l = b + 399. Suppose 0*d - 2*w = -d + 22, -4*d - w = -l. List the prime factors of d.
2
Suppose -k + 5 = -0*k. Suppose k*q = 3*f + 34, 2*f - 6 = -2*q - 2. Suppose -q*c - 84 = -8*c. What are the prime factors of c?
2, 7
List the prime factors of (-15)/(-40) - (-2765)/8.
2, 173
Let b(f) = -f + 8. Let h(i) = i + 2. Let g be h(-6). Let j(u) = -u**3 - 3*u**2 + 2*u - 3. Let n be j(g). List the prime factors of b(n).
3
Suppose -5*d = -9 - 31. Suppose -6*t - 56 = -d*t. What are the prime factors of t?
2, 7
Suppose -x + 5*s = -519, -3*s - 2715 = -5*x - 2*s. What are the prime factors of x?
2, 17
Let u(c) = -4 + 3*c + 2 - 2 - 11*c + 2*c**2. Let s be u(7). Suppose -i + s = i. What are the prime factors of i?
19
Suppose 0 = -0*r - 2*r - 6. Let p be (-7)/r - 7/21. Suppose a = p*a - 14. What are the prime factors of a?
2, 7
Let v(q) = q**3 - 6*q**2 + 74*q - 4. List the prime factors of v(7).
563
Let b = -625 + 674. List the prime factors of b.
7
Suppose -10*d = -12*d - 248. Let o = d - -191. List the prime factors of o.
67
Let r be (-28 - 2)*160/(-25). Suppose 2*y - r = 138. What are the prime factors of y?
3, 5, 11
Let o(d) = 380*d**2 - 2*d - 3. What are the prime factors of o(-3)?
3, 7, 163
Let u = -417 + 691. Suppose -h + 5 = -0. Suppose b - 5*q = -4*q + 64, -h*q + u = 4*b. List the prime factors of b.
2, 3, 11
Let q(b) = -2*b**3 - 6*b**2 + 13*b - 6. Let d be q(-6). Let a = 32 + d. What are the prime factors of a?
2, 41
Let w(s) = 13*s - 6. Let z be w(7). Suppose 4*t = 5*c + 73 + 294, -t - c = -z. List the prime factors of t.
2, 11
Let p(z) = -45*z + 17. What are the prime factors of p(-3)?
2, 19
Let p(n) = -1 - 18 + n + 0*n - n**3 + 9*n**2 + 7*n. List the prime factors of p(8).
109
Suppose -3*v - 166 = -2*q + 3*q, 5*v - 5*q + 270 = 0. Let j be (-10)/v + (-238)/(-22). Let y = 15 - j. What are the prime factors of y?
2
Let m = -63 - -74. Suppose -10*j + m*j - 95 = 0. What are the prime factors of j?
5, 19
Let z(b) = -18*b + 65. Let s(k) = 6*k - 22. Let n(c) = -8*s(c) - 3*z(c). What are the prime factors of n(13)?
59
List the prime factors of (-45858)/(-18) + (-7 - 96/(-18)).
2, 19, 67
Let i be 80/(-6)*(-5 - -2). Let z = -10 - -22. Suppose 10*b + i = z*b. List the prime factors of b.
2, 5
Let f be (-92)/(-6) - 6/(-9). Suppose 8*s - 7*s = f. Let n = s - 5. What are the prime factors of n?
11
Suppose -5*l + 7178 = x, 4*l + x - 5742 = -0*x. What are the prime factors of l?
2, 359
Let i(b) = -120*b - 56. List the prime factors of i(-6).
2, 83
What are the prime factors of 98076/60 + 9/(-15) - -3?
1637
Suppose 296*t - 3420 = 284*t. List the prime factors of t.
3, 5, 19
Let x = 60 - 97. Let q = 5 - x. What are the prime factors of q?
2, 3, 7
Let f = 19 - 10. Suppose -3*g + 4*r - r - 3 = 0, 5*g + f = 4*r. List the prime factors of 3/(((-15)/22)/g).
2, 11
Suppose 0 = -2*p - p - 3*o + 111, 3*p - 4*o - 125 = 0. Suppose q = 8*q. Suppose -c - c + 2*v + 78 = q, 0 = -c + 3*v + p. List the prime factors of c.
3, 13
Let g be 1 + (5 - 4) + 3. Suppose -776 = -g*p + 2*u + 986, 0 = -2*u + 8. Suppose p = 5*n + 44. What are the prime factors of n?
2, 31
Let w be 26/(-10) - 2/5. Let z(x) = -4*x + 3. Let c be z(4). Let m = w - c. List the prime factors of m.
2, 5
Let h = -136 + 193. Let b be 3 + (-3 - -1) + h. Suppose 5*f + a = 60 + b, -2*f = -3*a - 54. What are the prime factors of f?
2, 3
Let h be (1*2)/(2/34). Let f = 50 - h. Suppose -6 = n - f. What are the prime factors of n?
2, 5
List the prime factors of ((-1005)/9)/(3/(-9)).
5, 67
Let y be (0 - 3 - -3)*1. Suppose y = -11*z + 6*z + 40. What are the prime factors of 10*4/z*4?
2, 5
Suppose 3*q - 8 = -4*s, 3*s = -q - 0 + 11. Suppose a + 3*d - 25 = 0, 121 = 3*a + a + s*d. List the prime factors of a.
2, 17
Let y = 18 - 8. Let v = 13 - y. Suppose -v*n + 7*n + 4*x - 124 = 0, 2*n + x - 57 = 0. List the prime factors of n.
2, 13
Suppose -74 + 16 = -2*d. Let a = -9 + d. What are the prime factors of a?
2, 5
Suppose 2*t + 47 = 23. Suppose -s = -0*s + 2. List the prime factors of 0/(-1) + (s - t).
2, 5
Let z(w) = w**3 + 4*w**2 + w - 5. Let g be z(-4). Let o be g/(36/88)*-3. Suppose -12 + o = p. List the prime factors of p.
2, 3
Let u be 10*1/3 + 5/(-15). Suppose 0 = -2*k + 4*k - 16. Suppose -f - u*f = k, y - 3*f - 58 = 0. List the prime factors of y.
2, 13
Suppose 0 = 4*k + 553 + 95. Let n = k + 364. List the prime factors of n.
2, 101
Suppose 16*r + 100880 = 81*r. What are the prime factors of r?
2, 97
Let w = -283 + 566. What are the prime factors of w?
283
Suppose 312 = s - 248. What are the prime factors of s?
2, 5, 7
Let j(l) = 282*l - 6. List the prime factors of j(1).
2, 3, 23
Suppose 7 = -4*p - 5*n + 3, 0 = 2*p + 2*n. Suppose 99 = i + p*z, 3*z - 409 = -8*i + 4*i. What are the prime factors of i?
103
Suppose 18 = 2*l - 4*h, 3*h = -l + h - 3. Suppose -w = 4*g - 140, -l*g + 2*w + 128 = -3*w. List the prime factors of g.
2, 3
Suppose -2*m - 472 = -10*m. Let t = m + -27. List the prime factors of t.
2
Suppose 9786 = 4*a + 2*x, -2*a - 5*x + 2982 = -1891. What are the prime factors of a?
31, 79
List the prime factors of (-1)/(10/(9 - 20119)).
2011
Let s(a) = 6*a**2 - 6*a + 14. What are the prime factors of s(-6)?
2, 7, 19
Let n = 506 + -281. List the prime factors of n.
3, 5
Let x(u) = 1296*u + 252. What are the prime factors of x(2)?
2, 3, 79
Suppose 4*y = -4*j - 172, 3*y + 160 = -5*j - 61. Let p(v) = 12*v**2 + 35*v. Let o be p(-2). Let w = o - j. List the prime factors of w.
2, 3
Let n(z) = -1126*z**3 - 3*z**2 - 2*z. List the prime factors of n(-1).
3, 5
List the prime factors of (-17)/(-2)*(-18)/45*-1145.
17, 229
Let m = -2493 + 4163. Sup